 33 and o.
3
Suppose -3*x + 0*x + 3*a = 0, 2*x + 5*a - 21 = 0. Let d = x - 0. Calculate the highest common factor of 27 and d.
3
Let k be ((-9)/(-4))/(-1)*-4. Let h(q) = q**3 - q + 99. Let i be 3/6 - 2/4. Let c be h(i). What is the greatest common divisor of c and k?
9
Let k = -29 + 44. Calculate the greatest common factor of 75 and k.
15
Let d(x) = -x**3 - x**2 + x + 6. Let k be d(0). Calculate the highest common factor of k and 42.
6
Let q(i) = i**3 + 3*i**2 - i. Let c be q(-3). Suppose -2*p - c*w + 39 = 0, p + w - 3*w = 9. What is the greatest common factor of p and 165?
15
Let o = -4 - -7. Suppose 0 = 4*p - 4*z - 40, -2*p + o*z = 4*z - 29. Suppose j - p = -0. What is the greatest common factor of j and 65?
13
Suppose -2*p = -5*w - 52, 3*p + 0*p - w - 52 = 0. Suppose 4*h + 0 + 12 = 0, a - 44 = 4*h. What is the greatest common divisor of p and a?
16
Suppose 3*s - k = 2*k - 18, -3*k = 3*s + 18. Suppose -p = 57 - 13. Let g be (p/(-12))/((-2)/s). Calculate the highest common divisor of 88 and g.
11
Suppose 3*n + 4*s + 17 = 0, 0 = -3*s + 8*s + 25. Let y(a) = 5*a + 9*a + 4*a. Let t be y(n). What is the highest common factor of t and 12?
6
Suppose 4*n - 4 = 24. Calculate the greatest common divisor of n and 161.
7
Let d = 44 + -22. Suppose l - d + 8 = 0. Calculate the highest common factor of l and 14.
14
Let k be (-16)/3 + 3/9. Let r(t) = -t**2 - 6*t - 5. Let q be r(k). Suppose 5*u - u - 8 = q. Calculate the highest common divisor of 18 and u.
2
Let h be (-1)/((5/3)/(-5)). Let f be (h + 1)/((-1)/(-3)). Calculate the greatest common divisor of f and 4.
4
Let u(g) = g**2 - 7. Suppose 4*j - 10 = 3*j + l, j - 3*l = 20. Let v be u(j). Calculate the greatest common factor of v and 126.
18
Let s = -8 - -14. Calculate the greatest common divisor of s and 12.
6
Let c = -55 - -93. What is the greatest common factor of c and 38?
38
Let s = -104 - -269. Let j(l) = -14*l + 1. Suppose -4*v + 3*v = 1. Let a be j(v). Calculate the highest common factor of s and a.
15
Let d(a) = 8*a**2 + 8*a + 3. Let n be d(-6). What is the greatest common divisor of 27 and n?
27
Let a(i) = -i**2 - 8*i - 5. Let z be a(-5). Calculate the highest common factor of z and 30.
10
Let p be (-264)/(-30)*(-5)/(-2). Calculate the greatest common divisor of 22 and p.
22
Let r = 143 + -114. Calculate the highest common factor of r and 232.
29
Let u(a) = a + 9. Let q be u(-5). What is the highest common factor of 2 and q?
2
Let l(w) = -5*w + 0*w - 14 + 0*w. Let f be l(-10). Calculate the highest common divisor of 18 and f.
18
Suppose 4*o - 5*h - 31 = 3, 4*h = -2*o + 30. What is the highest common factor of o and 11?
11
Let c = 267 - 187. Calculate the greatest common divisor of 200 and c.
40
Let j(m) = -m**3 + 7*m**2 + 9*m - 6. Let b(o) = o**3 + 5*o**2 + 2*o. Let a be b(-2). Let n be j(a). Calculate the greatest common factor of 12 and n.
2
Let s = 7 + 28. Calculate the highest common factor of 70 and s.
35
Let q = -9 - -7. Let s be (-78)/(-18) + q/6. What is the greatest common factor of 28 and s?
4
Let z(h) = h**2 - 4. Let p be z(4). Let b be 3/9 + 38/(-6). Let n be (b/4)/((-1)/2). Calculate the greatest common factor of p and n.
3
Let f(t) = 35*t**2 + t - 1. Let j be f(1). Let u = 53 - j. Calculate the greatest common divisor of 18 and u.
18
Let v be 2 - 0/(-1) - 1. Let q(g) = -2*g - 4. Let r(i) = i**3 - 7*i**2 - i + 3. Let u be r(7). Let s be q(u). What is the greatest common divisor of s and v?
1
Suppose 0 = 5*q + r - 236, 4*q - 182 = r + 14. What is the highest common factor of q and 32?
16
Let y = -1 - -9. Suppose c - y = -3*c. What is the greatest common divisor of c and 1?
1
Suppose 2 = -t - 0, -5*o + 4*t = -18. Suppose o*g + 3*l + 2*l = 49, 5*g = 2*l + 137. Calculate the greatest common divisor of 18 and g.
9
Suppose 672 = 10*r - 6*r. Let u be r*7/((-63)/(-30)). Suppose u = 6*l - l. Calculate the highest common factor of l and 16.
16
Let p = -7 - -8. Suppose 2*s = u - 8, 5*s = -2*u + u - 20. Let b = 4 - s. What is the greatest common divisor of b and p?
1
Let q = 33 + -12. Let o be (-191)/(-3) + 6/(-9). Suppose o = 4*t + 7. Calculate the greatest common factor of q and t.
7
Suppose 0 = -7*t + 4*t + 210. Calculate the greatest common factor of t and 14.
14
Suppose -2*s = 3*b - 30, -5*s + 9 = 7*b - 5*b. Calculate the greatest common divisor of b and 3.
3
Let r be ((-16)/(-2))/4 + -23. Let q = 10 - r. What is the greatest common divisor of q and 93?
31
Let j be -4*(-1 + 5/2). Let p be j/(-3) + -3 + 15. Suppose 2*v - 14 - 31 = -3*o, 3*o = 3*v - 60. Calculate the highest common divisor of p and v.
7
Let r be (26/(-4))/((-6)/12). Suppose -2*j + 5*d = -16, -2*d = j - 4*d - 9. What is the greatest common divisor of j and r?
13
Let c(j) = -j**2 - 6*j + 4. Suppose -13*b - 9 = -10*b. Let p be c(b). What is the highest common factor of 65 and p?
13
Let f be (-56)/21*(1 - 4). Let j = -6 + f. Calculate the greatest common factor of 4 and j.
2
Suppose -5*t + 12 = -q, -5*t + 4*q = -3 - 0. What is the highest common factor of 24 and t?
3
Let t = -8 + 11. Suppose 44 = -b + t*b. What is the highest common factor of b and 22?
22
Suppose 4075 = -3*d - 2621. Let i = d - -1172. Let q be i/(-35) - 4/14. What is the greatest common divisor of 75 and q?
15
Let n = 13 - 19. Let c = n + 11. Suppose 2*y - 3 - c = 0. What is the greatest common factor of 2 and y?
2
Let o = 1 + -1. Suppose s + 4*s - 825 = o. What is the highest common divisor of s and 15?
15
Suppose 3*q - 7 = -2*p + 59, 3*p = -3*q + 63. Let v = 13 + -11. Let f = q - v. What is the highest common divisor of 88 and f?
22
Let o(i) = 2*i. Let k be o(3). Let y(x) = 5*x + 7 - 4 - 6*x + x**2. Let s be y(k). What is the highest common divisor of 11 and s?
11
Suppose b = -b + 20. Suppose 0 = j - 0*j, -k - 3*j = -2. Let y be (4/k - 1)*5. What is the greatest common factor of y and b?
5
Suppose -3*q = -51 + 15. Let k be 8/(-4)*(1 - (0 - -3)). Calculate the highest common factor of q and k.
4
Let k = 0 + 2. Let o be -1*k + (-60)/(-1). Let c = o - 4. Calculate the greatest common divisor of c and 6.
6
Let m be (-4)/12*-3*1. Calculate the highest common factor of m and 8.
1
Let p = 130 + -42. Suppose 7 = 2*b + 21. Let q(j) = j**2 + 6*j + 4. Let m be q(b). Calculate the highest common factor of m and p.
11
Let t(z) = 3*z - 9. Let d be t(4). Suppose 12 = -d*l + 33. Calculate the highest common divisor of 35 and l.
7
Suppose -p - p = m - 14, 58 = 5*m - 2*p. Suppose -3*a + m = -2*a. Let b be 49*1 - 2/2. Calculate the greatest common divisor of a and b.
12
Let m = -20 - -38. Suppose 0 = -3*j + j + m. Let o = 18 - j. What is the greatest common divisor of 3 and o?
3
Let m be ((-22)/(-2) - -1) + 1. What is the greatest common factor of m and 65?
13
Let p be 30/2*(-14)/(-3). What is the greatest common factor of p and 10?
10
Suppose -4*l = -v - 39 - 38, -4*l + 62 = 2*v. Calculate the highest common divisor of l and 6.
6
Let h = 96 + -36. What is the greatest common factor of 15 and h?
15
Suppose -132 = -3*q + 2*q. Calculate the highest common divisor of 12 and q.
12
Let o be (-2 - 1 - -5)*7. Let i(w) = w**3 - 13*w**2 - 13*w + 13. Let g be i(o). Calculate the greatest common factor of 18 and g.
9
Let a = -175 - -335. What is the highest common factor of 10 and a?
10
Let b be 14*(-1)/2*-2. Let r = -22 - -36. Calculate the greatest common factor of b and r.
14
Let p(k) = 28*k. Suppose n - 6 = m, -1 - 4 = m. Let q be p(n). What is the highest common factor of q and 252?
28
Let a be 0 - 3 - (-1)/1. Let c be a + (-5)/1*-1. What is the greatest common factor of c and 2?
1
Let n = -9 - 5. Let w be ((-36)/n)/((-30)/(-140)). What is the highest common factor of 3 and w?
3
Let o = -141 + 158. Calculate the highest common divisor of o and 221.
17
Let t be (-3 - -10) + 2/(-2). Let o be 9/((-54)/(-20))*t. What is the greatest common factor of 220 and o?
20
Let w(m) = -2*m**2 - 3*m. Let t be w(-3). Let x = t + 4. Let l(z) = -z**3 - 4*z**2 + 4*z + 5. Let b be l(x). Calculate the greatest common divisor of b and 90.
10
Let f(d) = d + 27. Let i be f(-11). Suppose -w + 0*w + i = 0. What is the highest common factor of w and 8?
8
Let p(h) = -h + 2*h + 3*h + 1. Let n be p(2). Calculate the greatest common divisor of 99 and n.
9
Let o = 1 + 55. Let b(t) = -t + 7. Suppose 6*w = 3*w. Le